{"id":15,"date":"2021-11-26T22:27:06","date_gmt":"2021-11-27T01:27:06","guid":{"rendered":"http:\/\/www.larev.facen.una.py\/herbario\/?page_id=15"},"modified":"2024-11-27T15:01:33","modified_gmt":"2024-11-27T19:01:33","slug":"inicio","status":"publish","type":"page","link":"https:\/\/www.larev.facen.una.py\/herbario\/","title":{"rendered":"Inicio"},"content":{"rendered":"\t\t<div data-elementor-type=\"wp-page\" data-elementor-id=\"15\" class=\"elementor elementor-15\">\n\t\t\t\t\t\t<div class=\"elementor-inner\">\n\t\t\t\t<div class=\"elementor-section-wrap\">\n\t\t\t\t\t\t\t\t\t<section class=\"elementor-section elementor-top-section elementor-element elementor-element-06a7da5 elementor-section-boxed elementor-section-height-default elementor-section-height-default\" data-id=\"06a7da5\" data-element_type=\"section\" data-settings=\"{&quot;background_background&quot;:&quot;classic&quot;}\">\n\t\t\t\t\t\t\t<div class=\"elementor-background-overlay\"><\/div>\n\t\t\t\t\t\t\t<div class=\"elementor-container elementor-column-gap-extended\">\n\t\t\t\t\t\t\t<div class=\"elementor-row\">\n\t\t\t\t\t<div class=\"elementor-column elementor-col-100 elementor-top-column elementor-element elementor-element-ea0a682\" data-id=\"ea0a682\" data-element_type=\"column\" data-settings=\"{&quot;background_background&quot;:&quot;slideshow&quot;,&quot;background_slideshow_gallery&quot;:[{&quot;id&quot;:2946,&quot;url&quot;:&quot;http:\\\/\\\/www.larev.facen.una.py\\\/herbario\\\/wp-content\\\/uploads\\\/2023\\\/12\\\/NN.jpg&quot;},{&quot;id&quot;:2941,&quot;url&quot;:&quot;http:\\\/\\\/www.larev.facen.una.py\\\/herbario\\\/wp-content\\\/uploads\\\/2023\\\/12\\\/Legum-scaled.jpg&quot;},{&quot;id&quot;:2942,&quot;url&quot;:&quot;http:\\\/\\\/www.larev.facen.una.py\\\/herbario\\\/wp-content\\\/uploads\\\/2023\\\/12\\\/Michelle-1-scaled.jpg&quot;},{&quot;id&quot;:2943,&quot;url&quot;:&quot;http:\\\/\\\/www.larev.facen.una.py\\\/herbario\\\/wp-content\\\/uploads\\\/2023\\\/12\\\/Michelle-2-scaled.jpg&quot;},{&quot;id&quot;:2944,&quot;url&quot;:&quot;http:\\\/\\\/www.larev.facen.una.py\\\/herbario\\\/wp-content\\\/uploads\\\/2023\\\/12\\\/Michelle-3-scaled.jpg&quot;},{&quot;id&quot;:2945,&quot;url&quot;:&quot;http:\\\/\\\/www.larev.facen.una.py\\\/herbario\\\/wp-content\\\/uploads\\\/2023\\\/12\\\/Michelle-5-scaled.jpg&quot;},{&quot;id&quot;:2940,&quot;url&quot;:&quot;http:\\\/\\\/www.larev.facen.una.py\\\/herbario\\\/wp-content\\\/uploads\\\/2023\\\/12\\\/Euphorbiaceae-scaled.jpg&quot;},{&quot;id&quot;:2675,&quot;url&quot;:&quot;http:\\\/\\\/www.larev.facen.una.py\\\/herbario\\\/wp-content\\\/uploads\\\/2023\\\/02\\\/Tevetia-bicornuta_IMG_9423-scaled.jpg&quot;},{&quot;id&quot;:2674,&quot;url&quot;:&quot;http:\\\/\\\/www.larev.facen.una.py\\\/herbario\\\/wp-content\\\/uploads\\\/2023\\\/02\\\/Sagittaria-montevidensis_IMG_5839-scaled.jpg&quot;},{&quot;id&quot;:2673,&quot;url&quot;:&quot;http:\\\/\\\/www.larev.facen.una.py\\\/herbario\\\/wp-content\\\/uploads\\\/2023\\\/02\\\/Sacoila-lanceolata_IMG_5853-scaled.jpg&quot;},{&quot;id&quot;:2672,&quot;url&quot;:&quot;http:\\\/\\\/www.larev.facen.una.py\\\/herbario\\\/wp-content\\\/uploads\\\/2023\\\/02\\\/Pyrostegia-venusta_MC023935-scaled.jpg&quot;},{&quot;id&quot;:2671,&quot;url&quot;:&quot;http:\\\/\\\/www.larev.facen.una.py\\\/herbario\\\/wp-content\\\/uploads\\\/2023\\\/02\\\/Pereskia-aculeata_MC034197-scaled.jpg&quot;},{&quot;id&quot;:2664,&quot;url&quot;:&quot;http:\\\/\\\/www.larev.facen.una.py\\\/herbario\\\/wp-content\\\/uploads\\\/2023\\\/02\\\/Hennecartia-omphalandra_MC024023-scaled.jpg&quot;},{&quot;id&quot;:2665,&quot;url&quot;:&quot;http:\\\/\\\/www.larev.facen.una.py\\\/herbario\\\/wp-content\\\/uploads\\\/2023\\\/02\\\/Mutisia-coccinea_MC0643731-scaled.jpg&quot;},{&quot;id&quot;:2669,&quot;url&quot;:&quot;http:\\\/\\\/www.larev.facen.una.py\\\/herbario\\\/wp-content\\\/uploads\\\/2023\\\/02\\\/Pacourina-edulis_IMG_9233-scaled.jpg&quot;}],&quot;background_slideshow_slide_duration&quot;:3000,&quot;background_slideshow_slide_transition&quot;:&quot;slide_right&quot;,&quot;background_slideshow_loop&quot;:&quot;yes&quot;,&quot;background_slideshow_transition_duration&quot;:500}\">\n\t\t\t<div class=\"elementor-column-wrap elementor-element-populated\">\n\t\t\t\t\t\t\t<div class=\"elementor-widget-wrap\">\n\t\t\t\t\t\t<div class=\"elementor-element elementor-element-e491e7e elementor-widget elementor-widget-heading\" data-id=\"e491e7e\" data-element_type=\"widget\" data-widget_type=\"heading.default\">\n\t\t\t\t<div class=\"elementor-widget-container\">\n\t\t\t<h1 class=\"elementor-heading-title elementor-size-default\"><br>Plantas y Hongos de Paraguay<br><\/h1>\t\t<\/div>\n\t\t\t\t<\/div>\n\t\t\t\t<div class=\"elementor-element elementor-element-f0c5d5e elementor-widget elementor-widget-text-editor\" data-id=\"f0c5d5e\" data-element_type=\"widget\" data-widget_type=\"text-editor.default\">\n\t\t\t\t<div class=\"elementor-widget-container\">\n\t\t\t\t\t\t\t\t<div class=\"elementor-text-editor elementor-clearfix\">\n\t\t\t\t<p><strong>La informaci\u00f3n disponible en la Base de Datos se mantendr\u00e1n actualizada en forma constante, en la medida en que los espec\u00edmenes sean incorporados\u00a0 a la colecci\u00f3n.\u00a0<\/strong><\/p><div><strong>\u00a0<\/strong><\/div>\t\t\t\t\t<\/div>\n\t\t\t\t\t\t<\/div>\n\t\t\t\t<\/div>\n\t\t\t\t<div class=\"elementor-element elementor-element-25e9582 elementor-align-center elementor-button-info elementor-widget elementor-widget-button\" data-id=\"25e9582\" data-element_type=\"widget\" data-widget_type=\"button.default\">\n\t\t\t\t<div class=\"elementor-widget-container\">\n\t\t\t\t\t<div class=\"elementor-button-wrapper\">\n\t\t\t<a href=\"http:\/\/www.larev.facen.una.py\/catalogo\/ejemplar\" target=\"_blank\" class=\"elementor-button-link elementor-button elementor-size-md\" role=\"button\">\n\t\t\t\t\t\t<span class=\"elementor-button-content-wrapper\">\n\t\t\t\t\t\t\t<span class=\"elementor-button-icon elementor-align-icon-left\">\n\t\t\t\t<i aria-hidden=\"true\" class=\"fas fa-search\"><\/i>\t\t\t<\/span>\n\t\t\t\t\t\t<span class=\"elementor-button-text\">Ir al buscador de Plantas y Hongos de Paraguay<\/span>\n\t\t<\/span>\n\t\t\t\t\t<\/a>\n\t\t<\/div>\n\t\t\t\t<\/div>\n\t\t\t\t<\/div>\n\t\t\t\t\t\t<\/div>\n\t\t\t\t\t<\/div>\n\t\t<\/div>\n\t\t\t\t\t\t\t\t<\/div>\n\t\t\t\t\t<\/div>\n\t\t<\/section>\n\t\t\t\t<section class=\"elementor-section elementor-top-section elementor-element elementor-element-e31b560 elementor-hidden-desktop elementor-hidden-tablet elementor-hidden-mobile elementor-section-boxed elementor-section-height-default elementor-section-height-default\" data-id=\"e31b560\" data-element_type=\"section\">\n\t\t\t\t\t\t<div class=\"elementor-container elementor-column-gap-default\">\n\t\t\t\t\t\t\t<div class=\"elementor-row\">\n\t\t\t\t\t<div class=\"elementor-column elementor-col-100 elementor-top-column elementor-element elementor-element-579a124\" data-id=\"579a124\" data-element_type=\"column\">\n\t\t\t<div class=\"elementor-column-wrap elementor-element-populated\">\n\t\t\t\t\t\t\t<div class=\"elementor-widget-wrap\">\n\t\t\t\t\t\t<div class=\"elementor-element elementor-element-337cae9 elementor-widget__width-initial elementor-position-top elementor-vertical-align-top elementor-widget elementor-widget-image-box\" data-id=\"337cae9\" data-element_type=\"widget\" data-widget_type=\"image-box.default\">\n\t\t\t\t<div class=\"elementor-widget-container\">\n\t\t\t<div class=\"elementor-image-box-wrapper\"><figure class=\"elementor-image-box-img\"><a href=\"https:\/\/idealsinteractive.com\/herbario\/reinos\/\"><img decoding=\"async\" width=\"768\" height=\"512\" src=\"https:\/\/www.larev.facen.una.py\/herbario\/wp-content\/uploads\/2021\/11\/83538587-tagetes-es-un-ge\u0301nero-de-plantas-anuales-o-perennes-principalmente-herba\u0301ceas-en-la-familia-de-las-gir-768x512.jpeg\" class=\"attachment-medium_large size-medium_large\" alt=\"\" loading=\"lazy\" \/><\/a><\/figure><div class=\"elementor-image-box-content\"><h3 class=\"elementor-image-box-title\"><a href=\"https:\/\/idealsinteractive.com\/herbario\/reinos\/\">Reino<\/a><\/h3><\/div><\/div>\t\t<\/div>\n\t\t\t\t<\/div>\n\t\t\t\t<div class=\"elementor-element elementor-element-ab8a5d2 elementor-widget__width-initial elementor-position-top elementor-vertical-align-top elementor-widget elementor-widget-image-box\" data-id=\"ab8a5d2\" data-element_type=\"widget\" data-widget_type=\"image-box.default\">\n\t\t\t\t<div class=\"elementor-widget-container\">\n\t\t\t<div class=\"elementor-image-box-wrapper\"><figure class=\"elementor-image-box-img\"><a href=\"https:\/\/idealsinteractive.com\/herbario\/especie\/\"><img decoding=\"async\" width=\"768\" height=\"512\" src=\"https:\/\/www.larev.facen.una.py\/herbario\/wp-content\/uploads\/2021\/11\/34329694-pequen\u0303as-flores-de-orqui\u0301deas-768x512.jpeg\" class=\"attachment-medium_large size-medium_large\" alt=\"\" loading=\"lazy\" \/><\/a><\/figure><div class=\"elementor-image-box-content\"><h3 class=\"elementor-image-box-title\"><a href=\"https:\/\/idealsinteractive.com\/herbario\/especie\/\">Especie<\/a><\/h3><\/div><\/div>\t\t<\/div>\n\t\t\t\t<\/div>\n\t\t\t\t<div class=\"elementor-element elementor-element-324af72 elementor-widget__width-initial elementor-position-top elementor-vertical-align-top elementor-widget elementor-widget-image-box\" data-id=\"324af72\" data-element_type=\"widget\" data-widget_type=\"image-box.default\">\n\t\t\t\t<div class=\"elementor-widget-container\">\n\t\t\t<div class=\"elementor-image-box-wrapper\"><figure class=\"elementor-image-box-img\"><a href=\"https:\/\/idealsinteractive.com\/herbario\/familia\/\"><img decoding=\"async\" width=\"768\" height=\"512\" src=\"https:\/\/www.larev.facen.una.py\/herbario\/wp-content\/uploads\/2021\/11\/27036295-planta-progreso-bebe\u0301-crecimiento-de-las-plantas-768x512.jpeg\" class=\"attachment-medium_large size-medium_large\" alt=\"\" loading=\"lazy\" \/><\/a><\/figure><div class=\"elementor-image-box-content\"><h3 class=\"elementor-image-box-title\"><a href=\"https:\/\/idealsinteractive.com\/herbario\/familia\/\">Familia<\/a><\/h3><\/div><\/div>\t\t<\/div>\n\t\t\t\t<\/div>\n\t\t\t\t<div class=\"elementor-element elementor-element-52c6ad5 elementor-widget__width-initial elementor-position-top elementor-vertical-align-top elementor-widget elementor-widget-image-box\" data-id=\"52c6ad5\" data-element_type=\"widget\" data-widget_type=\"image-box.default\">\n\t\t\t\t<div class=\"elementor-widget-container\">\n\t\t\t<div class=\"elementor-image-box-wrapper\"><figure class=\"elementor-image-box-img\"><a href=\"https:\/\/idealsinteractive.com\/herbario\/genero\/\"><img decoding=\"async\" width=\"768\" height=\"511\" src=\"https:\/\/www.larev.facen.una.py\/herbario\/wp-content\/uploads\/2021\/11\/75007986-heliopsis-es-un-ge\u0301nero-de-plantas-con-flores-herba\u0301ceas-perteneciente-a-la-familia-del-girasol--768x511.jpeg\" class=\"attachment-medium_large size-medium_large\" alt=\"\" loading=\"lazy\" \/><\/a><\/figure><div class=\"elementor-image-box-content\"><h3 class=\"elementor-image-box-title\"><a href=\"https:\/\/idealsinteractive.com\/herbario\/genero\/\">G\u00e9nero<\/a><\/h3><\/div><\/div>\t\t<\/div>\n\t\t\t\t<\/div>\n\t\t\t\t<div class=\"elementor-element elementor-element-d8429bd elementor-widget elementor-widget-wp-widget-ajaxsearchprowidget\" data-id=\"d8429bd\" data-element_type=\"widget\" data-widget_type=\"wp-widget-ajaxsearchprowidget.default\">\n\t\t\t\t<div class=\"elementor-widget-container\">\n\t\t\t<h5> <\/h5>\t\t<\/div>\n\t\t\t\t<\/div>\n\t\t\t\t\t\t<\/div>\n\t\t\t\t\t<\/div>\n\t\t<\/div>\n\t\t\t\t\t\t\t\t<\/div>\n\t\t\t\t\t<\/div>\n\t\t<\/section>\n\t\t\t\t<section class=\"elementor-section elementor-top-section elementor-element elementor-element-1988606 elementor-hidden-desktop elementor-hidden-tablet elementor-hidden-mobile elementor-section-boxed elementor-section-height-default elementor-section-height-default\" data-id=\"1988606\" data-element_type=\"section\" data-settings=\"{&quot;background_background&quot;:&quot;classic&quot;}\">\n\t\t\t\t\t\t<div class=\"elementor-container elementor-column-gap-default\">\n\t\t\t\t\t\t\t<div class=\"elementor-row\">\n\t\t\t\t\t<div class=\"elementor-column elementor-col-100 elementor-top-column elementor-element elementor-element-bb69327\" data-id=\"bb69327\" data-element_type=\"column\">\n\t\t\t<div class=\"elementor-column-wrap elementor-element-populated\">\n\t\t\t\t\t\t\t<div class=\"elementor-widget-wrap\">\n\t\t\t\t\t\t<div class=\"elementor-element elementor-element-a7d5300 elementor-widget elementor-widget-heading\" data-id=\"a7d5300\" data-element_type=\"widget\" data-widget_type=\"heading.default\">\n\t\t\t\t<div class=\"elementor-widget-container\">\n\t\t\t<h2 class=\"elementor-heading-title elementor-size-default\">Breve Rese\u00f1a<\/h2>\t\t<\/div>\n\t\t\t\t<\/div>\n\t\t\t\t<div class=\"elementor-element elementor-element-0b2dea6 elementor-widget elementor-widget-text-editor\" data-id=\"0b2dea6\" data-element_type=\"widget\" data-widget_type=\"text-editor.default\">\n\t\t\t\t<div class=\"elementor-widget-container\">\n\t\t\t\t\t\t\t\t<div class=\"elementor-text-editor elementor-clearfix\">\n\t\t\t\t<p><span style=\"font-weight: 400;\">El herbario virtual FACEN es un proyecto ejecutado en colaboraci\u00f3n con la Firma WOTAM Remedios Naturales, a trav\u00e9s del Convenio de Cooperaci\u00f3n entre la Empresa Mercomotors S.A. y la Facultad de Ciencias Exactas y Naturales.<\/span><\/p><p><span style=\"font-weight: 400;\">Es una iniciativa institucional, que tiene por objetivo de convertirse en un referente internacional de especies de la flora nativa del Paraguay.<\/span><\/p>\t\t\t\t\t<\/div>\n\t\t\t\t\t\t<\/div>\n\t\t\t\t<\/div>\n\t\t\t\t\t\t<\/div>\n\t\t\t\t\t<\/div>\n\t\t<\/div>\n\t\t\t\t\t\t\t\t<\/div>\n\t\t\t\t\t<\/div>\n\t\t<\/section>\n\t\t\t\t\t\t\t\t\t<\/div>\n\t\t\t<\/div>\n\t\t\t\t\t<\/div>\n\t\t","protected":false},"excerpt":{"rendered":"<p>Plantas y Hongos de Paraguay La informaci\u00f3n disponible en la Base de Datos se mantendr\u00e1n actualizada en forma constante, en la medida en que los espec\u00edmenes sean incorporados\u00a0 a la colecci\u00f3n.\u00a0 \u00a0 Ir al buscador de Plantas y Hongos de Paraguay Reino Especie Familia G\u00e9nero Breve Rese\u00f1a El herbario virtual FACEN es un proyecto ejecutado&#8230;<\/p>\n","protected":false},"author":1,"featured_media":0,"parent":0,"menu_order":0,"comment_status":"closed","ping_status":"closed","template":"","meta":{"_kad_post_transparent":"","_kad_post_title":"hide","_kad_post_layout":"fullwidth","_kad_post_sidebar_id":"","_kad_post_content_style":"unboxed","_kad_post_vertical_padding":"hide","_kad_post_feature":"hide","_kad_post_feature_position":"","_kad_post_header":false,"_kad_post_footer":false},"_links":{"self":[{"href":"https:\/\/www.larev.facen.una.py\/herbario\/wp-json\/wp\/v2\/pages\/15"}],"collection":[{"href":"https:\/\/www.larev.facen.una.py\/herbario\/wp-json\/wp\/v2\/pages"}],"about":[{"href":"https:\/\/www.larev.facen.una.py\/herbario\/wp-json\/wp\/v2\/types\/page"}],"author":[{"embeddable":true,"href":"https:\/\/www.larev.facen.una.py\/herbario\/wp-json\/wp\/v2\/users\/1"}],"replies":[{"embeddable":true,"href":"https:\/\/www.larev.facen.una.py\/herbario\/wp-json\/wp\/v2\/comments?post=15"}],"version-history":[{"count":296,"href":"https:\/\/www.larev.facen.una.py\/herbario\/wp-json\/wp\/v2\/pages\/15\/revisions"}],"predecessor-version":[{"id":3698,"href":"https:\/\/www.larev.facen.una.py\/herbario\/wp-json\/wp\/v2\/pages\/15\/revisions\/3698"}],"wp:attachment":[{"href":"https:\/\/www.larev.facen.una.py\/herbario\/wp-json\/wp\/v2\/media?parent=15"}],"curies":[{"name":"wp","href":"https:\/\/api.w.org\/{rel}","templated":true}]}}